t is the greatest common divisor of 571725 and 805?
35
Calculate the highest common divisor of 256 and 32936640.
64
What is the greatest common divisor of 14350092 and 114?
114
Calculate the greatest common factor of 81708 and 4224.
132
What is the greatest common factor of 462 and 78393?
21
Calculate the highest common divisor of 9048791 and 215.
43
What is the greatest common factor of 2700 and 4653300?
300
Calculate the highest common divisor of 414688 and 608.
32
Calculate the greatest common divisor of 18966332 and 13376.
836
What is the highest common divisor of 665 and 4302725?
35
What is the greatest common factor of 29807 and 41524786?
727
Calculate the highest common divisor of 175 and 7255675.
175
What is the greatest common divisor of 334 and 37038?
2
What is the greatest common divisor of 132 and 8922?
6
Calculate the highest common factor of 530 and 176440.
10
What is the greatest common factor of 9506 and 16149322?
98
What is the highest common divisor of 16297202 and 69428?
2042
Calculate the highest common factor of 3995 and 19010.
5
What is the highest common factor of 8516 and 16016467?
2129
What is the greatest common factor of 7039260 and 720?
180
What is the greatest common factor of 67369136 and 76?
76
What is the greatest common factor of 208 and 17166968?
104
Calculate the highest common divisor of 38780400 and 150.
150
Calculate the highest common divisor of 38847 and 185541.
69
Calculate the greatest common factor of 2567768 and 6856.
8
Calculate the highest common factor of 1026648 and 2352.
1176
What is the greatest common divisor of 1064 and 215760979?
133
Calculate the highest common divisor of 1193361 and 278499.
1443
Calculate the highest common divisor of 13718 and 4469180.
722
Calculate the highest common divisor of 3316600 and 11592.
1288
Calculate the highest common divisor of 109 and 3864428775.
109
What is the highest common factor of 388696 and 57631123?
6941
Calculate the greatest common divisor of 569388 and 139656.
276
Calculate the greatest common factor of 243129439 and 8213.
8213
Calculate the highest common divisor of 1241984 and 14.
2
Calculate the highest common divisor of 709650 and 38014.
166
What is the greatest common divisor of 1610543960 and 610?
610
Calculate the greatest common factor of 20256 and 96648.
24
What is the highest common factor of 324 and 81044064?
324
What is the highest common factor of 40356 and 77444?
76
What is the highest common factor of 35925 and 665331?
1437
What is the highest common divisor of 77 and 71491321?
11
Calculate the greatest common factor of 477628 and 783372.
388
Calculate the greatest common factor of 61653914 and 574.
574
What is the highest common factor of 1643060 and 220?
20
What is the greatest common factor of 52653027 and 63?
21
What is the highest common factor of 21665 and 4375?
35
What is the highest common divisor of 204 and 132911168?
68
What is the greatest common divisor of 896 and 31623676?
28
What is the greatest common factor of 530 and 40086?
2
What is the highest common divisor of 186629863 and 1466?
733
What is the highest common divisor of 76728972 and 11285?
2257
What is the highest common divisor of 68115 and 60511215?
3585
Calculate the greatest common divisor of 59770521 and 136.
17
Calculate the highest common factor of 10404160 and 732.
244
Calculate the greatest common divisor of 82 and 44100748.
82
Calculate the highest common divisor of 584 and 326792.
8
What is the greatest common factor of 7164 and 7994228?
796
Calculate the greatest common divisor of 14 and 4752153.
7
What is the highest common divisor of 249954 and 68?
2
What is the highest common divisor of 1800 and 53393400?
1800
Calculate the highest common factor of 72 and 34044984.
72
What is the greatest common divisor of 12155325 and 42?
21
What is the greatest common factor of 5319577 and 317?
317
What is the greatest common factor of 471643374 and 1926?
642
What is the highest common divisor of 1359423 and 47767?
1291
What is the highest common divisor of 159 and 26741256?
159
Calculate the greatest common factor of 7504 and 993677.
67
What is the greatest common factor of 502475 and 459690?
995
What is the highest common factor of 4987136 and 637?
7
Calculate the highest common divisor of 6192042 and 6.
6
Calculate the highest common factor of 130 and 21637746.
26
Calculate the highest common divisor of 20 and 458179820.
20
What is the highest common divisor of 2428108 and 6410?
1282
What is the highest common factor of 45 and 2420430?
15
What is the highest common divisor of 258 and 53346402?
258
What is the highest common divisor of 9418 and 516882?
554
Calculate the highest common divisor of 5190 and 11595780.
30
What is the greatest common factor of 32 and 5497952?
32
Calculate the greatest common divisor of 13246 and 4799527.
179
What is the greatest common factor of 815259 and 336?
3
What is the greatest common divisor of 2273073 and 7887?
33
Calculate the greatest common factor of 9324 and 242235.
63
Calculate the greatest common factor of 485 and 2861209.
97
Calculate the highest common factor of 39 and 432063827.
13
What is the highest common divisor of 16600 and 747332?
332
What is the greatest common divisor of 16038 and 49086?
486
Calculate the highest common divisor of 26532 and 253320903.
6633
Calculate the highest common factor of 201160 and 11104460.
2140
Calculate the highest common factor of 3388692 and 8.
4
Calculate the highest common factor of 84406350 and 1890.
210
Calculate the greatest common factor of 7037220 and 69540.
1140
Calculate the highest common divisor of 7874380 and 376.
188
Calculate the highest common factor of 8 and 15495924.
4
What is the greatest common divisor of 1615 and 3202273?
17
Calculate the highest common factor of 9492572 and 3441.
1147
What is the greatest common divisor of 16028 and 273285414?
8014
Calculate the greatest common factor of 279112368 and 48.
48
What is the greatest common divisor of 1100 and 35556180?
220
Calculate the highest common divisor of 64 and 125386304.
64
Calculate the highest common factor of 355089 and 22533.
777
What is the greatest common factor of 70097 and 120521?
191
What is the highest common divisor of 811 and 238733259?
811
What is the highest common factor of 31917782 and 10062?
1118
What is the highest common divisor of 19671747 and 1194?
597
Calculate the highest common factor of 175776935 and 5.
5
What is the greatest common factor of 742566 and 8217?
33
Calculate the highest common factor of 62028868 and 5159.
737
Calculate the highest common factor of 12370040 and 200.
40
What is the greatest common factor of 353532672 and 64?
64
What is the highest common factor of 4122 and 1623438?
18
Calculate the greatest common divisor of 23940 and 552444.
228
What is the greatest common divisor of 256 and 1679984?
16
Calculate the highest common factor of 9 and 25551.
9
What is the highest common divisor of 34484 and 121508?
148
Calculate the highest common factor of 2506 and 2081054.
358
Calculate the highest common factor of 8414378 and 342.
38
What is the greatest common divisor of 68800 and 1389975?
1075
What is the highest common factor of 271812 and 4188?
12
What is the highest common factor of 243 and 13836663?
243
Calculate the greatest common factor of 8704 and 1721828.
68
What is the highest common factor of 12876005 and 124?
31
Calculate the greatest common divisor of 70 and 67374244.
14
Calculate the highest common divisor of 3918807 and 216.
27
Calculate the highest common factor of 1038594635 and 5.
5
Calculate the highest common factor of 156744 and 1692.
36
What is the highest common divisor of 101607363 and 39?
39
Calculate the greatest common divisor of 5917 and 527711.
61
What is the highest common divisor of 32376 and 83780?
284
Calculate the greatest common divisor of 40980189 and 6.
3
Calculate the greatest common divisor of 2700 and 40878.
54
Calculate the highest common factor of 3007508 and 49469.
259
What is the greatest common factor of 1878 and 100430745?
939
Calculate the greatest common factor of 4017 and 85735.
13
Calculate the highest common divisor of 83875128 and 4496.
2248
What is the highest common factor of 23150305 and 115?
115
Calculate